 -i**2 + 5*i + 35. Let r be b(9). Let g(f) be the third derivative of 1/6*f**3 + 0 - f**2 + 1/3*f**4 + 0*f. What is g(r)?
-7
Let x(z) = -z**3 + 5*z**2 + 8*z - 8. Let v = -17 - -23. Determine x(v).
4
Let l be (28/8)/7*-4. Let c(m) = 3 - 7*m - 5 + 3*m**2 + 0*m + 1. Let t(u) = -16*u**2 + 35*u + 5. Let s(a) = l*t(a) - 11*c(a). What is s(6)?
7
Let t(k) = k + 1. Let u be (-35)/10 + (-3)/6. Determine t(u).
-3
Let i(s) = -s - 12. Suppose -5*q - r + 11 = 39, -2*q - 10 = r. Calculate i(q).
-6
Let q be (1 - -2)/((-3)/(-4)). Suppose x = g + q, 0 = -5*g - 3*x + 16 - 4. Let o(u) = g - u + 1 + 5*u + u**2. Calculate o(-2).
-3
Let j(u) = -2*u**3 - u**2 - 7*u - 11. Let w(i) = -i**3 + 0*i + 6 - i + 5*i + i**2 + 2*i**3. Let d(r) = 4*j(r) + 7*w(r). Calculate d(3).
-2
Let u(p) = -p**2 - 5*p. Let s(d) = -d**3 + 3*d**2 + 2*d - 1. Let q be s(3). Let x(v) = -2*v + q - 5 + 0*v + 5. Let a be x(4). Determine u(a).
6
Let t = -4 - -1. Let z(v) = -5*v - v**2 + 3*v + 4 - 1. Calculate z(t).
0
Let a(l) = l**2 - 3*l - 4. Let r be (-3)/(-15) + 57/15. Give a(r).
0
Let y(i) be the third derivative of -i**2 + 0 + 1/60*i**5 - 1/2*i**3 + 0*i - 1/6*i**4. Let j = 47 - 43. Calculate y(j).
-3
Let q(c) be the first derivative of -c**3/3 - c + 1. Let m(u) = -6*u**2 + 2*u - 1. Let d(a) = m(a) - 5*q(a). Let h = 1 - -2. Calculate d(h).
1
Suppose -2 = -2*y - 8. Let b = 1 + 3. Let i be -6*y*b/(-18). Let j(p) = -p**2 - 5*p - 1. What is j(i)?
3
Let p(q) = q - 6. Let v be p(5). Let j be 1/((-12)/(-10) + v). Let r(m) = -m**2 + 3*m + 6. Determine r(j).
-4
Let m(h) = 7*h**2. Suppose a = -0*a + 3. Suppose 0 = -3*v - a. Give m(v).
7
Let m(s) = -1. Let g(i) = 5*i - 3. Let q(w) = g(w) - m(w). Determine q(2).
8
Let p = 1 - 4. Let a = p - -5. Let j(v) = v - 6 + 5*v**a + 5 + v. What is j(1)?
6
Let j(s) be the first derivative of 0*s + 5 - 1/2*s**2 + 1/3*s**3. What is j(-3)?
12
Let j = 3 + 1. Let n(y) = j*y + 0*y - y**3 - 4*y - 6 - 5*y**2. Calculate n(-5).
-6
Let a(l) = l**2 - 3*l + 2. Let b be a(2). Let t be (-1 + b)*2 - -6. Let k(p) = p - 12 + 25 - 22. Determine k(t).
-5
Let w(v) = v**2 - 2 - 2*v + 2 + 4*v. Let p = 14 - 17. Determine w(p).
3
Let g(o) = -5*o**3 + o**2 + 5*o - 4. Let q(z) = 4*z**3 - z**2 - 4*z + 3. Let i(c) = 2*g(c) + 3*q(c). Give i(-2).
-15
Let n(s) = -5*s + 8*s + 6 - 7. Give n(4).
11
Let j(z) = z**3 - 3*z**2 - 3*z - 4. Let d(c) = -c. Let l be d(2). Let p(k) = -2*k + 2. Let s be p(l). Suppose h - 5*n = s*h - 40, 3*h - 3*n = 0. Give j(h).
0
Let r(a) = -1 - 1 + 2*a - 3*a + 0*a. Determine r(-6).
4
Let v(w) = 4*w**2 - 5*w - 2. Let n(d) = 3*d**2 - 4*d - 2. Let k(r) = 5*n(r) - 4*v(r). What is k(-2)?
-6
Let p be (-8)/36 - 56/(-9). Let v(n) = n - 1. Let d be v(p). Let o(x) = -x**3 + 5*x**2 + x - 6. What is o(d)?
-1
Let a be (4/(-2))/(2 + -1). Let x(z) be the first derivative of 5 + 3/2*z**2 - z. Give x(a).
-7
Let t(c) = -c**2 - 11*c - 11. Suppose -104 - 28 = 12*x. Determine t(x).
-11
Let y = 20 + -26. Let j(m) be the third derivative of m**5/60 + 5*m**4/24 - m**2. Calculate j(y).
6
Let k be (-3)/(-2)*-2 + 0. Let c(p) = p**2 + 2*p. Calculate c(k).
3
Suppose 6*r - 12 = 3*r. Suppose 30 = r*p + 6. Let g be (-4)/p*3/(-2). Let m(f) = -5*f. Give m(g).
-5
Let c be 1/1*(-4 + 1). Let u(s) be the first derivative of -s**4/4 - s**3/3 + 5*s**2/2 + 2*s + 19. Give u(c).
5
Suppose -4*u - 2*t + 16 = -6*u, 0 = -u + 3*t - 18. Let l(n) = -3*n**2 + 3*n - 1. Let w(o) = 4*o**2 - 4*o + 2. Let p(m) = u*l(m) - 2*w(m). Calculate p(2).
1
Let m(f) be the second derivative of -f**3/6 - 3*f**2 - 4*f. What is m(5)?
-11
Let c(p) = -20*p**2 + 17*p**2 + 11*p**2. Determine c(1).
8
Suppose 0*r - l = -r - 8, r = 5*l - 20. Let d be 13/r + 4/(-10). Let t(h) = 2*h**2 + 4*h - 1. Determine t(d).
5
Suppose 5*g + 4*q = -19, 2*g + 3*q = -4 + 2. Let h(j) = j**3 + 7*j**2 - 3*j - 4. Give h(g).
17
Let x be -12*(3 + 1)/(-8). Let k(w) = -w**3 + 5*w**2 + 4*w + 2. What is k(x)?
-10
Let t(f) be the first derivative of f**5/60 + f**4/24 - f**3/6 - 5*f**2/2 + 2. Let q(m) be the second derivative of t(m). What is q(1)?
1
Let z(a) be the first derivative of -a**4/4 + 2*a**3 + 4*a**2 - 9*a - 2. Determine z(7).
-2
Let v be (-3 - 1)/(1 + -2). Suppose 2*k + c + 20 = 0, v*k + k + 3*c + 51 = 0. Let w be (-2)/(-8) + k/4. Let x(p) = p**2 + p - 2. Give x(w).
0
Let q(d) = -5*d + 1. Let i(u) = 13*u - 3. Let h(f) = -2*i(f) - 7*q(f). Determine h(-1).
-10
Let q(d) = -d**3 + 6*d**2 - 5*d + 7. Let v = -21 + 30. Let f = v - 26. Let o = -12 - f. Determine q(o).
7
Let u(z) be the first derivative of z**3/3 - 10. Calculate u(1).
1
Suppose m = 4*d + 4*m + 11, 18 = -2*d - 4*m. Suppose -5*k + 4 = -d. Let j(i) = -i**2 - i + 1. Calculate j(k).
-1
Let f(x) = x**2 + 2*x + 3. Suppose 3*i - 30 = 5*a, 4*a + 0 = -3*i + 3. Give f(a).
6
Suppose 5 = g + 2. Let r(t) = -t + 1. Let q(i) = -2*i + 2. Let a(m) = 3*q(m) - 5*r(m). What is a(g)?
-2
Let l(q) be the third derivative of q**6/120 - 7*q**5/60 - 5*q**4/12 + 2*q**3 - 15*q**2. Give l(8).
-4
Let k(l) = 1 - l + 4 - 1 + 7. Give k(5).
6
Let g(l) = -l**3 + 5*l**2 + 6*l + 1. Let b(s) = 9*s - 5. Let v be b(-5). Let i be 24/(-20)*v/4. Suppose -3*x + 3 + i = 0. Determine g(x).
1
Let g(v) = -5 - v**2 + 5 + 3*v - 5 + 2. Suppose p = -2*p - 3. Let i be -3*1*(p - 0). Give g(i).
-3
Let b(r) = -3*r. Let a be (0 - 1)/((-2)/32). Suppose 3*l + g - 19 = 0, 5*l + 3*g + a = 53. Suppose -6 = v - l*u + 10, 3*u - 7 = -2*v. What is b(v)?
3
Let m be (-126 + 118)*(18/(-8) + 2). Let x(z) = -3 + 1 + 0 - 2*z. Determine x(m).
-6
Let u(j) be the third derivative of -2*j**2 + 1/6*j**3 + 0 + 0*j + 1/24*j**4 + 0*j**5 - 1/120*j**6. Calculate u(0).
1
Let u(l) = -3 - 2*l**3 - 2*l - 4*l - 6*l**2 + l**3. Suppose 0*o - 2*o = 8. Determine u(o).
-11
Let r be ((-35)/(-21))/((-5)/(-6)). Let p(b) = -b**2 - 2*b**2 + b**2 - 3*b - r*b - 2. Suppose 2*g + 0*a - 9 = 5*a, -2*g + a - 3 = 0. Calculate p(g).
-5
Let b = 55 - 61. Let s(d) = -d**3 - 7*d**2 - 8*d - 2. Determine s(b).
10
Let f(o) be the third derivative of 0 - 1/3*o**3 + 0*o - 1/60*o**5 - 1/24*o**4 - o**2. Let p(x) = x**2 - 13*x + 12. Let h be p(12). What is f(h)?
-2
Let s(n) = 2467*n - 2*n**2 + 3*n**2 - 2470*n - 8. Determine s(6).
10
Suppose -3*f - c = -0*c - 27, 3*f - 33 = -3*c. Let w(m) = m**2 - 7*m + 2. What is w(f)?
10
Let y = -10 + 10. Suppose c = -y*c + 1. Let t(g) = 4*g**2 - g. Calculate t(c).
3
Let l(m) = -4*m**2 - 3*m - 1. Let o be l(-2). Let b = -9 - o. Let k(g) = g**2 - 3 - g**2 - 2*g**2 + g**b + 6*g. Calculate k(4).
5
Let y(p) = p + 0 + 3 - 4. Let o be ((-12)/9)/(10/(-15)). Suppose 0 - 12 = -o*i. Determine y(i).
5
Let k(t) = -2*t - 3. Let a be (9/(-6))/((-3)/6). Calculate k(a).
-9
Let t(r) = 3 + 2 - r - 18. What is t(0)?
-13
Let k(t) = 4*t**3 - 6*t**2 - 2*t + 4. Let l(w) = -9*w**3 + 12*w**2 + 4*w - 7. Let y(j) = 7*k(j) + 3*l(j). Determine y(6).
-5
Let k(m) = m**3 - 3 + 3 - 5*m**2 - 1 + 0*m**2. Determine k(5).
-1
Let u(v) = v**3 + 2*v**2 - 3*v + 2. Let c = -6 - -11. Suppose -25 = -c*q, -q = -5*m + 4*q - 10. Let l be -2 + (m - 0 - -1). What is u(l)?
12
Let r(g) = g**2 - g - 2. Let i(d) = d**3 - 3*d**2. Let a be i(3). Let v be 8/(-20) - 34/(-10). Suppose v*p - p = a. Give r(p).
-2
Suppose r = -5 + 10. Suppose 0 = x - r, -4*k - 9 - 1 = -2*x. Let c(h) = -7 - h**3 - h + 0*h**3 + 2 - h**2. Calculate c(k).
-5
Let a(i) = i**2 - i + 1. Let d(u) = 7*u**2 + 1 - 3*u + 8 - 9*u + 3. Let s(w) = 6*a(w) - d(w). Determine s(6).
-6
Let b = 32 - 17. Suppose -s + 4*s = -b. Let m(l) = -5*l + 4*l**3 + 2*l**2 + 2*l**2 - 3*l**3. Calculate m(s).
0
Suppose 16*k - 34 = -k. Let m(b) = -4*b**2 + 4*b + 1. Let l(t) = 9*t**2 - 9*t - 3. Let h(r) = 2*l(r) + 5*m(r). Give h(k).
-5
Let q(x) = x + 51 + 50 - 97. Calculate q(-7).
-3
Let g(d) = d**3 + 4*d**2 - d - 3. Let k be 20/(-6)*(-6)/(-2). Let c = 7 + k. Give g(c).
9
Let q(x) = -x**2 - x. Let y be (-1)/(-2)*(-3 - -3). Determine q(y).
0
Let y(h) = -73 + 72 - h**3 + 6*h**2 - h**2 + 7*h. Determine y(6).
5
Suppose -3*g = 2*g - 20. Let i = 4 + -3. Let w(s) = i - 2 - 5*s + s**2 - 2. What is w(g)?
-7
Let a(o) = 11*o**3 + 1. Let d = -4 + 3. Calculate a(d).
-10
Let t(a) = -a**3 + 7*a**2 - 6*a - 7. Let r(b) = -b**3 + 5*b**2 + 3*b - 9. Suppose -3*f - z + 16 = -2*z, 3*z + 3 = 0. Let p be r(f). Give t(p).
-7
Let c(m) be the third derivative of -3*m**5/20 + m**4/12 - m**3/6 - 4*m**2. Let b(q) = q**3 - q**2 - q + 1. Le